is divided by 6?
5
Calculate the remainder when 38433 is divided by 16773.
4887
What is the remainder when 7244409 is divided by 241480?
9
Calculate the remainder when 406946 is divided by 81198.
956
What is the remainder when 2629049 is divided by 206?
77
What is the remainder when 4432525 is divided by 53?
29
What is the remainder when 3575407 is divided by 146?
13
What is the remainder when 58306680 is divided by 1193?
1191
Calculate the remainder when 29707225 is divided by 88.
9
What is the remainder when 2159615 is divided by 222?
221
Calculate the remainder when 64375 is divided by 7435.
4895
What is the remainder when 149947 is divided by 24706?
1711
What is the remainder when 4292510 is divided by 4292369?
141
What is the remainder when 1812176 is divided by 127?
13
Calculate the remainder when 7548656 is divided by 2516215.
11
Calculate the remainder when 3545628 is divided by 592.
140
What is the remainder when 10778999 is divided by 500?
499
What is the remainder when 1718236 is divided by 750?
736
What is the remainder when 8426842 is divided by 1313?
8
Calculate the remainder when 306638 is divided by 2498.
1882
Calculate the remainder when 1091123 is divided by 181847.
41
Calculate the remainder when 415948 is divided by 408897.
7051
Calculate the remainder when 6688 is divided by 351.
19
Calculate the remainder when 2061334 is divided by 949.
106
Calculate the remainder when 322448 is divided by 14235.
9278
What is the remainder when 55759 is divided by 5270?
3059
What is the remainder when 5018745 is divided by 11?
6
What is the remainder when 2099436 is divided by 4?
0
Calculate the remainder when 58996 is divided by 26988.
5020
Calculate the remainder when 9711496 is divided by 20.
16
Calculate the remainder when 20847188 is divided by 6949057.
17
Calculate the remainder when 7399051 is divided by 205529.
7
Calculate the remainder when 73581 is divided by 73325.
256
What is the remainder when 124397683 is divided by 12?
7
What is the remainder when 208009 is divided by 214?
1
What is the remainder when 145643 is divided by 418?
179
Calculate the remainder when 3724550 is divided by 2241.
8
What is the remainder when 6003124 is divided by 162245?
59
Calculate the remainder when 47284 is divided by 957.
391
What is the remainder when 3238108 is divided by 5?
3
What is the remainder when 2083598 is divided by 8236?
8126
What is the remainder when 41051770 is divided by 45?
25
What is the remainder when 204997713 is divided by 6804?
6801
What is the remainder when 525170 is divided by 818?
14
Calculate the remainder when 475937 is divided by 2333.
5
What is the remainder when 2193948 is divided by 1352?
1004
What is the remainder when 21887 is divided by 3490?
947
Calculate the remainder when 2024426 is divided by 1207.
287
Calculate the remainder when 88288 is divided by 978.
268
Calculate the remainder when 834890 is divided by 171.
68
Calculate the remainder when 22149 is divided by 10978.
193
Calculate the remainder when 7966599 is divided by 334.
31
Calculate the remainder when 2567579 is divided by 174.
35
Calculate the remainder when 2223378 is divided by 369.
153
Calculate the remainder when 12669 is divided by 561.
327
What is the remainder when 1842498 is divided by 263214?
0
Calculate the remainder when 85 is divided by 77.
8
Calculate the remainder when 76501 is divided by 8367.
1198
What is the remainder when 101652 is divided by 2418?
96
Calculate the remainder when 228276407 is divided by 262.
261
Calculate the remainder when 8123 is divided by 3885.
353
What is the remainder when 30732498 is divided by 22?
16
What is the remainder when 3304511 is divided by 20?
11
What is the remainder when 3525553 is divided by 1175183?
4
What is the remainder when 6095616 is divided by 156?
72
What is the remainder when 4877950 is divided by 8513?
1
What is the remainder when 31407 is divided by 5805?
2382
What is the remainder when 125314 is divided by 207?
79
Calculate the remainder when 706580 is divided by 246.
68
Calculate the remainder when 498004319 is divided by 771.
770
What is the remainder when 4689004 is divided by 2344470?
64
Calculate the remainder when 25632 is divided by 25265.
367
What is the remainder when 37372 is divided by 2812?
816
Calculate the remainder when 10013356 is divided by 79471.
10
Calculate the remainder when 2146632 is divided by 715540.
12
What is the remainder when 1051440 is divided by 37?
11
What is the remainder when 599603 is divided by 299790?
23
Calculate the remainder when 52830960 is divided by 521.
518
What is the remainder when 635443 is divided by 2562?
67
Calculate the remainder when 18828990 is divided by 427.
425
What is the remainder when 5508917 is divided by 17?
16
What is the remainder when 1885730 is divided by 39?
2
Calculate the remainder when 91557 is divided by 288.
261
What is the remainder when 337382 is divided by 19783?
1071
What is the remainder when 38907 is divided by 6894?
4437
Calculate the remainder when 2912598 is divided by 19417.
48
What is the remainder when 283249649 is divided by 28?
25
What is the remainder when 929762 is divided by 825?
812
Calculate the remainder when 2570751 is divided by 652.
567
What is the remainder when 59332818 is divided by 1242?
1236
What is the remainder when 1482734 is divided by 98843?
89
Calculate the remainder when 42057 is divided by 4651.
198
Calculate the remainder when 14874 is divided by 439.
387
Calculate the remainder when 103853 is divided by 4281.
1109
Calculate the remainder when 5343437 is divided by 291.
95
What is the remainder when 1326382 is divided by 724?
14
Calculate the remainder when 178791928 is divided by 206.
202
What is the remainder when 41520734 is divided by 293?
290
What is the remainder when 15768830 is divided by 6086?
4
What is the remainder when 9522 is divided by 4371?
780
What is the remainder when 18903652 is divided by 2?
0
What is the remainder when 70378798 is divided by 1912?
1902
What is the remainder when 109367538 is divided by 6433384?
10
Calculate the remainder when 78399 is divided by 1779.
123
What is the remainder when 63966 is divided by 897?
279
What is the remainder when 16077148 is divided by 16?
12
Calculate the remainder when 10424157 is divided by 801850.
107
Calculate the remainder when 312967751 is divided by 17.
12
What is the remainder when 9725545 is divided by 3241846?
7
What is the remainder when 1607094 is divided by 417?
393
What is the remainder when 326947647 is divided by 1739?
1735
Calculate the remainder when 4411462 is divided by 54462.
40
What is the remainder when 183685 is divided by 1218?
985
Calculate the remainder when 180025466 is divided by 561.
5
What is the remainder when 16701 is divided by 4756?
2433
Calculate the remainder when 2265710 is divided by 375.
335
Calculate the remainder when 454677 is divided by 2569.
2533
What is the remainder when 1425692 is divided by 365?
2
What is the remainder when 1846400727 is divided by 8264?
8263
Calculate the remainder when 112703 is divided by 371.
290
Calculate the remainder when 1166555 is divided by 583275.
5
What is the remainder when 26104 is divided by 6822?
5638
Calculate the remainder when 56127 is divided by 6839.
1415
Calculate the remainder when 291386 is divided by 7283.
66
What is the remainder when 1342171 is divided by 2874?
13
Calculate the remainder when 16845846 is divided by 185119.
17
Calculate the remainder when 232447 is divided by 17879.
20
What is the remainder when 12254954 is divided by 157112?
218
Calculate the remainder when 38708398 is divided by 55.
3
Calculate the remainder when 64332 is divided by 538.
310
What is the remainder when 485072 is divided by 241974?
1124
What is the remainder when 1198070 is divided by 45?
35
What is the remainder when 2797415 is divided by 932431?
122
Calculate the remainder when 276592583 is divided by 64.
7
Calculate the remainder when 14380216 is divided by 21.
4
What is the remainder when 17168914 is divided by 17168860?
54
Calculate the remainder when 14553854 is divided by 13159.
0
Calculate the remainder when 482357 is divided by 7907.
30
What is the remainder when 2268439 is divided by 3117?
2380
Calculate the remainder when 1